 value of 81 - (-48 - -79) - (-6 + 46)?
10
10 + -1 + -23 + (2 - (-2 + -19 + 6))
3
What is -268 + 267 - (37 - 3)?
-35
What is -34 + -1 + 3 + (-48 - -50)?
-30
What is the value of 75 - (14 - (10 + (-6 - -11)) - -6)?
70
What is the value of (8 - (48 - -12)) + 47?
-5
Evaluate 2 - (31 + -126) - (-5 - -20 - 3).
85
Evaluate -9 - (-53 + 8 - -105 - (2 + 0 - 1)).
-68
-81 + 3 + (-97 + 117 - -20)
-38
What is 4 + (3 - 8) + -2 - (-660 - -679)?
-22
What is (-147 + 86 - -50) + -107?
-118
What is (-16 - -33 - -48) + 46 - (1 - 1)?
111
What is -2 + -4 + 1526 + -1573?
-53
Calculate 37 + 99 + -102 - 48.
-14
What is (-45 + -4 - (15 - 35)) + -6?
-35
What is -1 + 19 - (-83 + 104) - -109 - -5?
111
What is the value of -44 + -1 + (-5953 - -5909)?
-89
Evaluate 1 - 0 - (23 + 52 - 15 - (1 + 4)).
-54
(-62 - 31 - -150) + -113
-56
What is (-11 - 1) + ((-8 + 22 - 0) + -31 - 48)?
-77
-40 + (-10 - (-26 + 3) - 4) + -3
-34
26 + (-2 - (-1 + -24 - -116))
-67
What is the value of 33 + 10 + (25 - 39) + -2 + 14?
41
What is the value of 2 - -21 - -5 - 9 - -17?
36
What is 161 + -113 + 5 + -12?
41
(12 + -5 + 0 - 1) + -1 + -7 - -10
8
Evaluate (14 + 76 - 18) + -80.
-8
Calculate (-224 - -207) + (52 - (-5 + (17 - 3))).
26
Evaluate -55 + -53 + 96 - 34.
-46
(-13 + -3 - (3 + -1)) + (-4 - -17)
-5
Evaluate (-11460 - -11566) + (1 - 27).
80
-20 + 22 + -6 + 6 - 25
-23
What is -38 + -43 + (132 - 29)?
22
Calculate -27 - 1 - (292 + -228 - 134).
42
What is the value of -87 - (-2 + 4) - (12 - (5 - (-4 + -9)))?
-83
4804 - 4816 - (0 - 97)
85
(52 - (-3 - -27)) + -19 + 22
31
Calculate (21 - 2) + (-7 - 3 - 4) + 2.
7
((-16 - (-27 + 20)) + 10 - 9) + (0 - -87)
79
What is (12 - 1 - (-611 + 631)) + 5?
-4
What is 137 + -128 - (-6 + 0)?
15
Evaluate 0 + 15 + 0 + -307 + (252 - -57).
17
What is the value of (13 - -1 - (-107 - (22 - 23))) + 3?
123
Evaluate -104 + 24 - (-41 + -65).
26
Evaluate 2332 - 2274 - (-2 + (-2 + 3 - 6)).
65
Calculate (-8 - -38 - 6) + -279 + 214.
-41
Evaluate -133 + (-147 - -253) + 122.
95
What is (-2 + 1 + 2 - (-2 - 3)) + (-17401 - -17330)?
-65
What is -961 + 962 + (-65 - -8)?
-56
What is -33 + 25 + 8 + (-59 - (-5 - -7) - 8)?
-69
Evaluate (2 - (5 - -10)) + (55 - (-9 + 6)).
45
What is 15 + 20 + 82 + -5 + -6 + -3 + 2?
105
What is the value of -55 - (-41 + (36 - 42))?
-8
What is the value of (3 - 104 - -67) + -12?
-46
Evaluate (234 - 36 - 82) + -45.
71
Calculate -10 - ((33 - 1) + (-12 - -1) + (168 - 155)).
-44
Calculate -2 + 0 + -111 - (-481 + 484 + (2 - 9)).
-109
30 - (-2 - 0) - (-4508 + 4521)
19
What is the value of -449 + 467 + (3 - 13)?
8
-10 + -2 + (40 - 27) + 29
30
What is 20 - -5 - (-318 + 397)?
-54
-23 + 31 + -55 - (-5 + 4)
-46
Calculate (-19 + 45 - 45) + (0 - -2).
-17
Calculate -15 + (-20 - 1) + 4 - (-1 - -13).
-44
What is -320 + 347 - (-3 + 2 - 20)?
48
Evaluate 9 - (42 + -42 + 26).
-17
Calculate (41 - (135 - 22)) + 30.
-42
(17 - (-28 + 49) - (-12 - -1)) + -53
-46
(91 + -29 - 13) + -10 + 9
48
(-30 - (-29 - -43)) + 57 - (59 - 0)
-46
What is the value of 69 - (18 + 13) - -2?
40
Evaluate -8 + 46 + -104 - -101.
35
What is the value of 59 + (15 - (6 + -4)) - (19 - 8)?
61
Evaluate -4 - 1 - (13 - (-24 + 62) - 12).
32
What is -21 + -9 + 15 - -24 - (-1 + -6 - 2)?
18
Calculate (39 + 9 - 33) + 139 + (-9 - -9).
154
What is the value of -2 - (-5 + 32 + -20 + -5)?
-4
What is the value of 100 + -15 + 12 + (-61 - -31)?
67
What is (-1 - (3 - 0)) + -8 + (46 - 98) + 25?
-39
Evaluate 2 - (57 + -6 - -44).
-93
-55 - 4 - (447 + -447)
-59
What is -6 + -17 + 39 - (-40 + 2 - 0)?
54
What is -23 + 2 - 13 - -19 - 15?
-30
Evaluate 13 + (-7 - 29) + -5 + 75.
47
What is the value of 26 - (39 - 46) - 1 - -93?
125
Evaluate (7 - 6 - (53 - 64)) + -13 + -2.
-3
-92 - -29 - -73 - -59
69
Calculate 43 - (-19 - (-1 - (16 + -2))).
47
-3 + 4 + (2 - -33)
36
Evaluate (-1950 - -1935) + (1 - -60).
46
10 + 83 + -8 + -47
38
What is the value of (2 + 0 + -47 - -6) + (-22 - -24)?
-37
Calculate -2 - 4 - -6 - (11 - (-2 + 18) - 30).
35
What is 108 + (56 - 86) + -96?
-18
Calculate -42 + (-6 - -11) - 20.
-57
What is the value of (-1 + -5 + (25 - 59) + 38 - -6) + 68?
72
Calculate -8 + (27 - 5) + -6 - (11 - 9) - -40.
46
Calculate (399 - 398) + (7 - (-78 - -5)).
81
What is -69 - (9 + (-3 - -3) - (7 + -19 - -18))?
-72
Evaluate 421 + -380 - (0 + 34).
7
Calculate -124 - -10 - (-6 - (6 + -9 + 13)).
-98
(41 - 39) + (-2 - 4) + (-6 - 8)
-18
What is 22 + (-88 - (-52 - 75))?
61
Calculate (-32894 - -32875) + 3 + -4 + (0 - -2).
-18
Evaluate -92 + 87 - (12 + 0) - -14.
-3
What is the value of 10 - ((1 - -13 - 2) + -11) - 18 - -114?
105
What is 17 + (-29 - -18 - (-14 - -13 - -1))?
6
Evaluate -17 - ((9 - -1) + (75 - 152) + -7).
57
Evaluate (-42 - -39) + -4 - 53.
-60
What is (83 - 80) + (-4 - (-3 + -1 + 1))?
2
Calculate 100 - (312 + -181) - (44 - 2).
-73
Evaluate -97 - (-52 + 105 + -112).
-38
What is the value of (10 - 12 - 19) + -39 + 154?
94
Evaluate -126 - ((-56 - -164) + -359).
125
What is the value of (-29 + 23 - -5) + -102 - (0 - 9)?
-94
What is 2 + -55 + 992 + -956?
-17
Calculate -58 + (-42 - (-82 + 10)).
-28
What is the value of (17 - (9 + 36 + -18)) + 44 + 5?
39
(-1 + -4 - -11) + (1 - ((126 - 3) + 2))
-118
Evaluate -466 + 475 + (0 - 3).
6
What is -58 - 11 - (71 + -70 - -34)?
-104
(6 + -13 - -1) + (-11 - -20 - -29)
32
What is the value of 124 - 119 - ((1 - -16) + (6 - 18 - -7))?
-7
71 + (14 - (-13 + 15 + -16 - -43))
56
What is -46 - (4 - (-3 - -18 - 5 - 9) - 5)?
-44
-28 + 39 - (-20 + 91 + -1 + -6 + 5)
-58
Evaluate (-1 - (-37 - -84)) + 81.
33
114 + 22 + (0 - (2 + 9) - (-15 + 13))
127
What is (20 + 5 - 36) + 3 + -32 + 5?
-35
What is -134 + -26 + (-22 - -123)?
-59
Calculate 29 - (-2 + 7 + -5 + -77 + 76).
30
Evaluate 88 + -71 - (34 - 8) - (2 - 10).
-1
What is the value of 59 - (-14 + 5 - (15 - -8))?
91
What is the value of 18 - (-61 + -10 + 12 + 23)?
54
Calculate (18 - 66) + (-13 - 1 - (0 + -16)).
-46
What is (-30 - -62) + 20 - ((14 - 2) + 3)?
37
(1 - (21 - 14 - -1 - 8)) + 47
48
What is the value of 13 + (1517 - 1510) + 23 + -1?
42
What is the value of -27 + -34 + (-8 - (-15 + 2))?
-56
Calculate (8 - -1 - 3 - (2 + 1 - -53)) + -1.
-51
What is the value of -38 + (-32 - -129) + -46?
13
Evaluate 0 + 1 + 6 - (201 - (110 + 85)).
1
Evaluate -2 + 0 - ((-28 - (-33 + 27)) + (11 - 29)).
38
Evaluate (1951 - 1964) + (-12 - (1 - 1)).
-25
What is (5 - 2 - 37) + (-21 - -29) + -10 + 4?
-32
Evaluate -16 - (-8 + (30 - (54 - 16))).
0
Calculate -4 - -3 - (-16 + 3 + (15 - -23)).
-26
What is the value of -6 - (-14 - -15) - (40 - 3) - (-7 + 10)?
-47
Evaluate -1413 + 1397 - (-6 - -2).
-12
What is the value of 40 + -38 - (-4 + 16) - (1 - -10)?
-21
What is the value of (49 - 15) + -39 - -26?
21
What is the value of -129 + 16 + -9 + -4 + 27 + -14?
-113
Calculate (5 - (-10 + (2 - -18) + 8)) + -27.
-40
Calculate (6 - (18 + (8 - 18))) + 38.
36
What is the value of 135 + (-1 - 11) - (-19 + 43)?
99
(-19 - (1 + 13 + -5 - 21)) + (1 - 40)
-46
Evaluate -5 + -17 + (6 - -2) + (0 - 1).
-15
What is the value of -3053 - -3066 - (-89 - -1)?
101
What is (9 + 21 + -41 - (4 - 0)) + 108?
93
Evaluate -3 + 3 - (3 - 9 - -3) - (-14 - -16).
1
What is (1 - 0 - 3 - 51) + 89 + (44 - 122)?
-42
What is (-70 - 8) + -10 + 65?
-23
What is the value of -9 - (-3 + -14) - (1 - -61) - (-5 + 12)?
-61
-30 - -7 - (228 + -262)
11
What is 11 + (-51 - (-17 - 0 - (23 + (-13 - 17))))?
-30
What is the value of (-37 - (-6 - 4)) + (-14 - -2) + -7 + 10?
-36
What is 36 + -49 - 31 - -90?
46
Evaluate 1104 + -1138 + (-94 - -1).
-127
Calculate 122 + -72 + (-1 - 22).
27
Evaluate 7 + -18 + 7 + 16 - (0 + -10).
22
What is the value of -15 + 32 + (15 - (11 + -1) - (5 + 0))?
17
Evaluate 8 + (-8 + -1 - (4 - (-4 + 4 + -31))).
-36
What is -97 + (-72 - -58 - -67)?
-44
Evaluate 20 + (-3 - ((-18 - (-12 + 22)) + 12)).
33
Calculate 64 + 20 + (9 - 116).
-23
What is (-76 - (0 - (7 + 2))) + (-36 - -34)?
-69
Calculate (69 - 1) + 7 + -9 + (59 - (7 - -53)).
65
What is the value of -50 - ((39 - 83) + -35 + 23)?
6
Calculate -4 + 62 - ((-24 - -71) + -36).
47
Evaluate ((5 - 5) + -8 - -11 - -12) + (2 - 65).
-48
-18 + 73 + (-50 + 29 - -6)
40
Calculate (-252 - -264) + -5 + -2.
5
(-7 - (-3 - 4)) + (233 - 226) + (-1 - 61)
-55
What is -2 + 41 + (0 + 35 - (3627 + -3586))?
33
What is the value of -35 + 8 + -39 + 112?
46
Calculate 17 - 1 - (-20 + 25).
11
Calculate 403 -